28
What is the remainder when 1534 is divided by 46?
16
What is the remainder when 6184 is divided by 34?
30
What is the remainder when 490 is divided by 164?
162
Calculate the remainder when 292 is divided by 25.
17
What is the remainder when 408 is divided by 12?
0
Calculate the remainder when 1544 is divided by 24.
8
Calculate the remainder when 48 is divided by 23.
2
Calculate the remainder when 65 is divided by 11.
10
What is the remainder when 410 is divided by 105?
95
What is the remainder when 2284 is divided by 31?
21
Calculate the remainder when 196 is divided by 125.
71
Calculate the remainder when 278 is divided by 40.
38
What is the remainder when 2923 is divided by 15?
13
Calculate the remainder when 333 is divided by 24.
21
Calculate the remainder when 101 is divided by 29.
14
What is the remainder when 766 is divided by 280?
206
Calculate the remainder when 26 is divided by 24.
2
What is the remainder when 721 is divided by 27?
19
Calculate the remainder when 1732 is divided by 58.
50
What is the remainder when 359 is divided by 85?
19
What is the remainder when 451 is divided by 7?
3
What is the remainder when 614 is divided by 6?
2
What is the remainder when 53 is divided by 28?
25
Calculate the remainder when 204 is divided by 53.
45
Calculate the remainder when 247 is divided by 85.
77
What is the remainder when 111 is divided by 99?
12
What is the remainder when 856 is divided by 76?
20
Calculate the remainder when 401 is divided by 14.
9
Calculate the remainder when 28116 is divided by 76.
72
Calculate the remainder when 82 is divided by 42.
40
Calculate the remainder when 1136 is divided by 17.
14
Calculate the remainder when 168 is divided by 9.
6
Calculate the remainder when 976 is divided by 11.
8
What is the remainder when 1870 is divided by 311?
4
What is the remainder when 292 is divided by 53?
27
Calculate the remainder when 105 is divided by 97.
8
Calculate the remainder when 644 is divided by 106.
8
Calculate the remainder when 368 is divided by 34.
28
Calculate the remainder when 2215 is divided by 543.
43
Calculate the remainder when 603 is divided by 51.
42
Calculate the remainder when 54 is divided by 11.
10
Calculate the remainder when 124 is divided by 42.
40
What is the remainder when 2725 is divided by 210?
205
Calculate the remainder when 602 is divided by 2.
0
Calculate the remainder when 356 is divided by 4.
0
What is the remainder when 85 is divided by 18?
13
What is the remainder when 403 is divided by 15?
13
What is the remainder when 84 is divided by 47?
37
What is the remainder when 124 is divided by 34?
22
Calculate the remainder when 319 is divided by 27.
22
What is the remainder when 266 is divided by 27?
23
What is the remainder when 125 is divided by 45?
35
Calculate the remainder when 545 is divided by 78.
77
What is the remainder when 145 is divided by 15?
10
What is the remainder when 13238 is divided by 20?
18
What is the remainder when 809 is divided by 74?
69
What is the remainder when 1555 is divided by 30?
25
Calculate the remainder when 211 is divided by 30.
1
What is the remainder when 222 is divided by 9?
6
What is the remainder when 470 is divided by 6?
2
Calculate the remainder when 297 is divided by 100.
97
Calculate the remainder when 1674 is divided by 24.
18
Calculate the remainder when 287 is divided by 164.
123
What is the remainder when 403 is divided by 15?
13
What is the remainder when 352 is divided by 26?
14
What is the remainder when 2346 is divided by 772?
30
Calculate the remainder when 738 is divided by 244.
6
What is the remainder when 9170 is divided by 1834?
0
What is the remainder when 4909 is divided by 3?
1
Calculate the remainder when 908 is divided by 230.
218
What is the remainder when 28 is divided by 22?
6
Calculate the remainder when 80187 is divided by 165.
162
What is the remainder when 4196 is divided by 31?
11
Calculate the remainder when 373 is divided by 32.
21
What is the remainder when 654 is divided by 572?
82
What is the remainder when 4757 is divided by 136?
133
What is the remainder when 382 is divided by 87?
34
Calculate the remainder when 2524 is divided by 32.
28
Calculate the remainder when 193 is divided by 8.
1
What is the remainder when 1415 is divided by 21?
8
Calculate the remainder when 1392 is divided by 5.
2
What is the remainder when 2522 is divided by 25?
22
What is the remainder when 851 is divided by 209?
15
Calculate the remainder when 153 is divided by 52.
49
Calculate the remainder when 781 is divided by 201.
178
What is the remainder when 15294 is divided by 20?
14
Calculate the remainder when 1398 is divided by 128.
118
What is the remainder when 36 is divided by 31?
5
Calculate the remainder when 1205 is divided by 71.
69
Calculate the remainder when 629 is divided by 127.
121
What is the remainder when 900 is divided by 22?
20
What is the remainder when 166 is divided by 25?
16
What is the remainder when 166 is divided by 37?
18
What is the remainder when 58 is divided by 12?
10
Calculate the remainder when 634 is divided by 207.
13
What is the remainder when 76 is divided by 35?
6
What is the remainder when 1361 is divided by 87?
56
What is the remainder when 2075 is divided by 340?
35
Calculate the remainder when 2117 is divided by 19.
8
Calculate the remainder when 981 is divided by 43.
35
What is the remainder when 47 is divided by 43?
4
What is the remainder when 764 is divided by 187?
16
Calculate the remainder when 2429 is divided by 16.
13
What is the remainder when 423 is divided by 25?
23
Calculate the remainder when 8264 is divided by 13.
9
Calculate the remainder when 4696 is divided by 18.
16
What is the remainder when 173 is divided by 13?
4
Calculate the remainder when 459 is divided by 21.
18
What is the remainder when 172 is divided by 16?
12
What is the remainder when 15268 is divided by 8?
4
Calculate the remainder when 51 is divided by 32.
19
What is the remainder when 53 is divided by 42?
11
What is the remainder when 176 is divided by 31?
21
What is the remainder when 586 is divided by 78?
40
What is the remainder when 193 is divided by 28?
25
What is the remainder when 377 is divided by 132?
113
Calculate the remainder when 25 is divided by 8.
1
What is the remainder when 540 is divided by 98?
50
What is the remainder when 63 is divided by 33?
30
Calculate the remainder when 390 is divided by 23.
22
Calculate the remainder when 988 is divided by 206.
164
Calculate the remainder when 1622 is divided by 149.
132
What is the remainder when 556 is divided by 93?
91
Calculate the remainder when 651 is divided by 19.
5
What is the remainder when 1308 is divided by 21?
6
Calculate the remainder when 355 is divided by 67.
20
What is the remainder when 445 is divided by 14?
11
Calculate the remainder when 6449 is divided by 460.
9
Calculate the remainder when 1133 is divided by 19.
12
Calculate the remainder when 7437 is divided by 62.
59
Calculate the remainder when 142 is divided by 104.
38
What is the remainder when 3705 is divided by 218?
217
What is the remainder when 140 is divided by 38?
26
What is the remainder when 60 is divided by 12?
0
Calculate the remainder when 1308 is divided by 52.
8
What is the remainder when 3877 is divided by 10?
7
What is the remainder when 338 is divided by 273?
65
Calculate the remainder when 324 is divided by 21.
9
Calculate the remainder when 1619 is divided by 15.
14
What is the remainder when 887 is divided by 33?
29
Calculate the remainder when 1251 is divided by 417.
0
What is the remainder when 863 is divided by 17?
13
What is the remainder when 631 is divided by 106?
101
What is the remainder when 316 is divided by 53?
51
What is the remainder when 685 is divided by 657?
28
What is the remainder when 1209 is divided by 19?
12
What is the remainder when 69 is divided by 12?
9
Calculate the remainder when 5273 is divided by 32.
25
Calculate the remainder when 250 is divided by 28.
26
Calculate the remainder when 170 is divided by 83.
4
Calculate the remainder when 34 is divided by 9.
7
Calculate the remainder when 239 is divided by 114.
11
What is the remainder when 3985 is divided by 210?
205
What is the remainder when 3472 is divided by 51?
4
Calculate 